 k(24)?
-28
Let t(h) = -8408*h - 142929. What is t(-17)?
7
Let g(a) = -4222046*a - 3. Calculate g(0).
-3
Let u(m) = 16*m**2 - 973*m + 181. What is u(61)?
364
Let q(c) = 38*c**2 - 143*c - 206. Calculate q(5).
29
Let u(y) = 2*y**3 - 3*y**2 - 39*y + 33. Determine u(5).
13
Let g(b) = -155323*b + 1708554. Give g(11).
1
Let q(x) = -449624*x + 18434579. Determine q(41).
-5
Let j(m) = 4*m**3 + 39*m**2 - 49*m - 163. What is j(3)?
149
Let h(x) = -1400*x + 2344. What is h(4)?
-3256
Let u(z) = -2*z**3 + 306*z**2 - 887*z - 1949. Determine u(150).
1
Let j(b) = 4*b**2 + 2728*b - 143277. Give j(49).
-1
Let m(h) = -6*h**3 - 474*h**2 - 13*h + 139. What is m(-79)?
1166
Let k(h) = -444*h + 88817. Calculate k(200).
17
Let y(a) = -448*a**2 - 13036*a - 1251. Determine y(-29).
25
Let b(s) = 5*s**3 - 2149*s**2 - 430*s - 1. What is b(430)?
-1
Let w(r) = -2*r**2 + 527*r + 48960. Calculate w(336).
240
Let j(y) = y**3 + y**2 + 1299*y - 15637. What is j(11)?
104
Let m(g) = g**3 + 34*g**2 - 295*g + 1632. What is m(-42)?
-90
Let d(j) = -16*j**2 + 131*j + 10. Give d(4).
278
Let f(d) = 2*d**2 + 252892*d - 505789. Give f(2).
3
Let f(s) = 2*s**2 + 1159147*s + 2318297. Determine f(-2).
11
Let a(v) = v**2 + 2086*v + 708393. Determine a(-427).
0
Let q(b) = 56*b**3 + 499*b**2 - 39*b + 9. Give q(-9).
-45
Let b(z) = -z**3 - 287*z**2 + 825*z + 71369. Determine b(-289).
-14
Let z(o) = 395*o + 25367. Calculate z(-64).
87
Let y(l) = -l**2 - 18873*l - 16890997. Determine y(-942).
5
Let q(u) = 2222*u - 15400. Give q(8).
2376
Let j(m) = m**3 - 166*m**2 + 2290*m + 1756. Determine j(16).
-4
Let c(n) = -n**3 + 91*n**2 + 324*n - 3955. What is c(94)?
-7
Let l(k) = k**3 - 46*k**2 + 101*k - 894. Give l(44).
-322
Let g(m) = -80*m + 1241. Determine g(20).
-359
Let t(v) = -2281*v + 21780. What is t(10)?
-1030
Let r(l) = 21*l**2 - 1011*l + 5294. Give r(6).
-16
Let v(x) = -x**3 + 28*x**2 + 1009*x + 3507. Determine v(-4).
-17
Let r(t) = -115*t**3 - 1380*t**2 - 54*t - 654. Determine r(-12).
-6
Let h(b) = -17*b**2 + 112*b - 1396. What is h(15)?
-3541
Let b(i) = 321040*i + 3531423. Calculate b(-11).
-17
Let x(p) = 1269*p - 25489. Determine x(20).
-109
Let x(a) = 252*a**3 - 11*a**2 + 40*a - 31. Determine x(1).
250
Let o(d) = 21*d - 459. What is o(-19)?
-858
Let k(t) = -748*t + 348536. Calculate k(466).
-32
Let p(f) = -716*f - 6938. What is p(-11)?
938
Let y(b) = 41043*b - 1478049. Calculate y(36).
-501
Let z(v) = -v**2 + 4664*v + 197652. Determine z(-42).
0
Let j(g) = g**2 + 428*g - 28191. Determine j(58).
-3
Let n(a) = -4*a**3 + 333*a**2 - 4624*a - 1335. Calculate n(18).
-3
Let g(a) = -14*a**2 - 235*a - 943. Calculate g(-10).
7
Let i(o) = -5*o**3 + 3*o**2 + 2937*o + 11730. Calculate i(-4).
350
Let i(v) = 1066*v + 14345. Determine i(-13).
487
Let f(g) = -3*g**3 + 8*g**2 + 80*g + 164. Calculate f(-4).
164
Let s(a) = -7*a**2 - 86*a + 161762. Give s(146).
-6
Let c(m) = -m**3 + 22*m**2 - 2230*m + 160035. Calculate c(47).
0
Let n(d) = -3*d**2 - 39*d + 211. Give n(-31).
-1463
Let v(c) = 4*c**2 + 681680*c + 3408302. What is v(-5)?
2
Let w(s) = -14*s**2 + 469*s - 2463. Give w(26).
267
Let d(g) = 8241*g - 1137424. What is d(138)?
-166
Let d(k) = -k**2 - 1375*k - 87632. Calculate d(-67).
4
Let h(j) = -162920*j - 2117965. Calculate h(-13).
-5
Let m(q) = 1935*q**2 + 11604*q + 2. Calculate m(-6).
38
Let l(a) = -42399*a + 42534. Give l(1).
135
Let g(d) = 81*d**2 + 6954*d + 48708. Determine g(-7).
3999
Let u(x) = 2*x**3 - 44*x**2 - 8*x - 47. Give u(23).
827
Let g(k) = -664*k + 18491. Determine g(27).
563
Let m(f) = 11*f**2 + 1575*f - 14783. Determine m(-152).
-39
Let p(f) = 425*f - 149634. Calculate p(352).
-34
Let x(v) = 3*v**2 - 1395*v - 149846. Determine x(-90).
4
Let n(o) = -o**3 + 128*o**2 - 381*o + 793. What is n(125)?
43
Let j(b) = 19033*b - 76117. Calculate j(4).
15
Let l(p) = -159*p - 87. Calculate l(-1).
72
Let y(n) = 388*n**2 - 3079*n - 230. Give y(8).
-30
Let m(t) = -79*t**2 - 1118*t - 1116. Determine m(-1).
-77
Let v(m) = -278*m - 34477. What is v(-128)?
1107
Let s(w) = -13*w**3 + 16*w**2 - 28*w - 174. Give s(5).
-1539
Let a(b) = 17299*b + 156363. What is a(-9)?
672
Let o(c) = 1636*c - 8545. Determine o(5).
-365
Let s(x) = 25*x**3 + 74*x**2 + 208*x - 25. Determine s(-3).
-658
Let l(z) = 40615*z + 5604877. Determine l(-138).
7
Let t(r) = -4*r**3 - 862*r**2 + 4861*r - 181. Give t(-221).
40
Let n(k) = 1919*k + 23018. Give n(-12).
-10
Let k(i) = i**3 - 73*i**2 - 1001*i + 3033. Calculate k(-14).
-5
Let h(i) = 76*i**3 - 15*i**2 + 21*i + 14. Determine h(2).
604
Let r(c) = -c**2 - 39*c + 23. What is r(7)?
-299
Let n(y) = 21932*y - 21960. What is n(1)?
-28
Let d(y) = -29*y**2 + 312*y - 450. Determine d(9).
9
Let w(r) = 161*r + 576. Calculate w(0).
576
Let x(z) = z**2 + 3976*z + 35714. Give x(-9).
11
Let a(w) = 38*w + 3260. Calculate a(-88).
-84
Let z(a) = -a**3 - 11*a**2 + 473*a + 5399. What is z(-12)?
-133
Let y(j) = 6*j**2 + 9100*j + 72417. Give y(-8).
1
Let v(s) = 71*s + 79. Give v(-3).
-134
Let q(z) = -z**3 + 66*z**2 - 906*z + 195. What is q(45)?
1950
Let g(x) = 6*x**2 + 201*x + 1039. Give g(-5).
184
Let c(d) = -841146*d + 13458326. Give c(16).
-10
Let b(u) = 2525*u + 2643. Give b(-1).
118
Let r(v) = -v**2 + 31*v + 926. Give r(-38).
-1696
Let b(o) = 31*o**2 - 368*o - 1782. Calculate b(-5).
833
Let m(h) = -321*h + 33209. What is m(101)?
788
Let d(w) = 15*w**2 + 178*w + 330. Calculate d(-6).
-198
Let n(p) = -31*p**2 - 189*p - 1647. What is n(-7)?
-1843
Let w(v) = 2067*v + 39278. Give w(-19).
5
Let r(c) = c**3 + 24*c**2 - 426*c - 11133. Calculate r(-24).
-909
Let m(p) = -47*p**2 + 541*p - 112. Determine m(12).
-388
Let g(x) = 63389*x - 697284. Calculate g(11).
-5
Let v(m) = -20*m**2 - 439*m + 359. What is v(-23)?
-124
Let m(v) = 228*v**2 - 2967*v + 13. What is m(13)?
-26
Let c(j) = 2196*j + 346958. Give c(-158).
-10
Let z(x) = x**2 + 259*x - 11286. Determine z(-297).
0
Let s(g) = -123*g**2 - 538*g + 391. Calculate s(-5).
6
Let c(o) = 3*o**3 - 46*o**2 - 192*o + 1808. What is c(17)?
-11
Let n(m) = 43*m + 4526. Calculate n(-160).
-2354
Let p(u) = 2*u**3 + 97*u**2 - 3576*u - 198. Calculate p(-73).
-271
Let y(p) = p**3 + 22*p**2 - 385*p - 453. Calculate y(-33).
273
Let s(a) = a**3 + 609*a**2 - 3043*a + 9. Determine s(5).
144
Let f(a) = -2332*a + 7919. What is f(3)?
923
Let p(i) = 18*i**2 + 318*i + 7. Give p(-4).
-977
Let l(o) = 11762*o - 5751602. Calculate l(489).
16
Let g(a) = a**2 - 26*a - 1499. Calculate g(-27).
-68
Let g(c) = 899*c - 154621. Calculate g(171).
-892
Let y(z) = 12*z + 683. What is y(-71)?
-169
Let x(f) = f**3 - 118*f**2 + 620*f - 6054. Give x(113).
161
Let o(n) = n**3 + 4*n**2 - 113*n + 31. Calculate o(-13).
-21
Let p(j) = 3*j**3 + 21*j**2 - 67*j + 20. Give p(0).
20
Let b(h) = 4*h**2 + 246*h - 57975. What is b(-155)?
-5
Let v(b) = -b**2 + 1196*b + 327976. What is v(-230)?
-4
Let y(t) = -78*t + 361. What is y(-17)?
1687
Let c(d) = -8*d**3 + 4891*d**2 + 54768*d - 3. Calculate c(-11).
8
Let l(s) = s**3 + 69*s**2 + 21*s - 1153. What is l(-68)?
2043
Let q(h) = 4*h**2 - 2397*h - 110460. Determine q(-43).
7
Let v(f) = -3*f**3 - 367*f**2 + 240*f - 1723. Calculate v(-123).
-985
Let y(w) = -46*w**2 + 1000*w - 155. Determine y(22).
-419
Let k(b) = 2*b**3 + 629*b**2 + 26682*b + 4748. Give k(-264).
-4
Let p(k) = k**2 + 4932*k + 34468. Calculate p(-7).
-7
Let h(c) = 149*c**2 - 1030*c - 1149. What is h(-1)?
30
Let w(q) = 44*q**2 + 4438*q + 107885. What is w(-60)?
5
Let g(q) = 3*q**2 - 2522*q + 5051. Give g(2).
19
Let y(x) = 1703*x - 551790. Determine y(324).
-18
Let z(w) = 9*w**2 - 252*w - 5809. Determine z(43).
-4
Let h(w) = -63032*w + 189090. Determine h(3).
-6
Let t(a) = 3772*a + 18959. Give t(-5).
99
Let f(d) = -88*d**2 - 5315*d + 10627. Determine f(2).
-355
Let i(a) = -a**3 + 37*a**2 - 87*a + 318. Determine i(35).
-277
Let h(s) = -1257*s - 51535. Give h(-41).
2
Let c(i) = i**3 - 453*i**2 + 4866*i - 1742. Give c(442).
26
Let i(m) = 6*m**3 + 116*m**2 + 336*m + 258. What is i(-16)?
2
Let d(g) = 39344*g + 39274. What is d(-1)?
-70
Let z(j) = -8*j**2 - 658*j - 830. Give z(-81).
-20
Let w(b) = -3*b**3 + 58*b**2 + 25*b + 1730. Determine w(21).
50
Let d(t) = 11*t**3 + 2*t**2 - 40*t - 86. Determine d(-2).
-86
Let w(d) = -2*d**2 + 15*d + 222. Give w(13).
79
Let g(n) = 7138*n**2 - 114207*n - 23. Give g(16).
-7
Let l(h) =